he prime factors of 69542694?
2, 3, 13, 297191
List the prime factors of 149114964.
2, 3, 19, 283, 2311
List the prime factors of 1425254916.
2, 3, 5333, 22271
What are the prime factors of 1075379292?
2, 3, 13, 2297819
What are the prime factors of 93310598?
2, 541, 86239
What are the prime factors of 21062509?
13, 37, 43789
What are the prime factors of 12137829?
3, 11, 103, 3571
What are the prime factors of 1025064928?
2, 32033279
List the prime factors of 492443599.
12157, 40507
What are the prime factors of 566941107?
3, 139, 1359571
What are the prime factors of 1539682339?
13, 118437103
What are the prime factors of 225901481?
13, 71, 244747
List the prime factors of 1028851457.
1028851457
What are the prime factors of 3775758692?
2, 109, 8659997
List the prime factors of 18050334.
2, 3, 3008389
List the prime factors of 9650343.
3, 3216781
List the prime factors of 6242307330.
2, 3, 5, 7, 29725273
What are the prime factors of 16286137?
7, 311, 7481
List the prime factors of 135819509.
7, 271, 71597
What are the prime factors of 32362751?
239, 135409
List the prime factors of 7539254.
2, 839, 4493
List the prime factors of 43933034.
2, 421, 52177
What are the prime factors of 32700716?
2, 269, 30391
List the prime factors of 86129751.
3, 28709917
What are the prime factors of 123423382?
2, 23, 97, 139, 199
What are the prime factors of 4852761499?
271, 17906869
What are the prime factors of 81704115?
3, 5, 1815647
List the prime factors of 231043569.
3, 41, 1878403
What are the prime factors of 18667890?
2, 3, 5, 31, 6691
List the prime factors of 316995773.
316995773
List the prime factors of 31135977.
3, 101, 34253
List the prime factors of 841722244.
2, 11, 373, 51287
List the prime factors of 716827024.
2, 44801689
What are the prime factors of 391059544?
2, 31, 43, 36671
What are the prime factors of 539682477?
3, 1993, 90263
List the prime factors of 139793946.
2, 3, 43, 541837
What are the prime factors of 1392411465?
3, 5, 179, 19207
What are the prime factors of 283759515?
3, 5, 13, 485059
List the prime factors of 1309296906.
2, 3, 24246239
What are the prime factors of 33402527?
37, 902771
List the prime factors of 45591294.
2, 3, 7, 401, 2707
List the prime factors of 627687388.
2, 23, 37, 97, 1901
What are the prime factors of 18590489?
137, 135697
What are the prime factors of 661302355?
5, 7, 467, 40459
List the prime factors of 146283977.
7, 37, 277, 2039
What are the prime factors of 803728?
2, 191, 263
What are the prime factors of 973281347?
53, 18363799
What are the prime factors of 87170286?
2, 3, 7, 2075483
What are the prime factors of 103066122?
2, 3, 251, 68437
What are the prime factors of 219338506?
2, 313, 350381
What are the prime factors of 29038192?
2, 37, 181, 271
List the prime factors of 199092145.
5, 7, 389, 2089
What are the prime factors of 5700372807?
3, 1900124269
List the prime factors of 4102712450.
2, 5, 463, 177223
List the prime factors of 665348741.
9419, 70639
What are the prime factors of 1522680019?
7, 317, 686201
List the prime factors of 62715931.
62715931
What are the prime factors of 852653724?
2, 3, 13, 73, 74873
List the prime factors of 959759990.
2, 5, 7, 17, 806521
What are the prime factors of 98392324?
2, 37, 181, 3673
List the prime factors of 571847498.
2, 285923749
What are the prime factors of 160175271?
3, 53391757
List the prime factors of 44691914.
2, 19, 73, 16111
List the prime factors of 15916048.
2, 89, 11177
List the prime factors of 342429586.
2, 4001, 42793
What are the prime factors of 3240896993?
3240896993
List the prime factors of 41981164.
2, 23, 71, 6427
What are the prime factors of 28895394?
2, 3, 11, 437809
What are the prime factors of 87971674?
2, 7, 29, 216679
What are the prime factors of 85353198?
2, 3, 7, 290317
List the prime factors of 177081464.
2, 7, 587, 5387
What are the prime factors of 1976544151?
17, 263, 653, 677
List the prime factors of 359274304.
2, 79, 71059
List the prime factors of 5550960.
2, 3, 5, 101, 229
What are the prime factors of 149445327?
3, 31, 79, 20341
List the prime factors of 3873933292.
2, 197, 241, 20399
What are the prime factors of 44556963?
3, 11, 29, 46559
List the prime factors of 87801925.
5, 23, 37, 4127
What are the prime factors of 89875502?
2, 151, 297601
List the prime factors of 870396587.
3527, 246781
What are the prime factors of 624476135?
5, 19, 149, 157, 281
List the prime factors of 158238702.
2, 3, 419, 20981
What are the prime factors of 95662139?
95662139
What are the prime factors of 1101801550?
2, 5, 22036031
List the prime factors of 20134239.
3, 17, 41, 9629
What are the prime factors of 570973636?
2, 19, 139, 54049
What are the prime factors of 217684279?
2179, 99901
What are the prime factors of 73465454?
2, 36732727
List the prime factors of 21267419.
2741, 7759
What are the prime factors of 39729533?
23, 41, 42131
List the prime factors of 1426922787.
3, 149, 3192221
List the prime factors of 51644236.
2, 7, 263491
What are the prime factors of 1214384316?
2, 3, 19, 5326247
List the prime factors of 29508619.
7, 4215517
List the prime factors of 84076076.
2, 7, 41, 73237
List the prime factors of 590355526.
2, 73, 1361, 2971
List the prime factors of 1598671666.
2, 19, 3137, 13411
List the prime factors of 1627306182.
2, 3, 149, 199, 3049
List the prime factors of 4674286.
2, 17, 8087
What are the prime factors of 4533358?
2, 2266679
What are the prime factors of 371893969?
23, 16169303
What are the prime factors of 604843756?
2, 11, 157, 87557
List the prime factors of 29906779.
7, 19, 224863
What are the prime factors of 195899461?
195899461
List the prime factors of 582771437.
582771437
List the prime factors of 16363034.
2, 8181517
What are the prime factors of 2245884358?
2, 23, 3067, 15919
What are the prime factors of 358631040?
2, 3, 5, 151, 1237
What are the prime factors of 1719527402?
2, 859763701
What are the prime factors of 43152056?
2, 103, 52369
List the prime factors of 1106109857.
37, 2969, 10069
What are the prime factors of 10778459?
17, 29, 21863
What are the prime factors of 736530872?
2, 7, 11, 73, 1489
List the prime factors of 852724072.
2, 83, 1284223
What are the prime factors of 86306055?
3, 5, 11, 163, 3209
What are the prime factors of 419764326?
2, 3, 69960721
What are the prime factors of 3342208469?
3342208469
List the prime factors of 1845470438.
2, 7, 983, 19157
What are the prime factors of 1713765352?
2, 13, 16478513
What are the prime factors of 3625494708?
2, 3, 11, 419, 65551
List the prime factors of 830598808.
2, 13, 1619, 4933
What are the prime factors of 360528111?
3, 37, 313, 1153
What are the prime factors of 436850311?
11959, 36529
What are the prime factors of 2548015729?
7, 19, 523, 5233
List the prime factors of 2558023910.
2, 5, 13, 823, 23909
List the prime factors of 1081738157.
1081738157
List the prime factors of 99808851.
3, 107, 310931
List the prime factors of 3251671891.
13, 250128607
What are the prime factors of 7022465?
5, 127, 11059
List the prime factors of 87381821.
79, 1106099
List the prime factors of 313350753.
3, 104450251
List the prime factors of 9044335.
5, 71, 73, 349
List the prime factors of 309195140.
2, 5, 47, 328931
What are the prime factors of 2752748016?
2, 3, 269, 213193
What are the prime factors of 93154918?
2, 1181, 39439
What are the prime factors of 852003824?
2, 7, 17, 447481
List the prime factors of 1851821027.
7, 449, 589189
What are the prime factors of 3522508567?
3522508567
List the prime factors of 5143716696.
2, 3, 4337, 49417
List the prime factors of 1127090991.
3, 13, 71, 491, 829
What are the prime factors of 3028228719?
3, 1009409573
What are the prime factors of 40924249?
29, 1411181
What are the prime factors of 37284093?
3, 7, 11, 67, 73
What are the prime factors of 53587516?
2, 23, 199, 2927
List the prime factors of 862429.
19, 2389
List the prime factors of 524585041.
19, 349, 79111
What are the prime factors of 24518756?
2, 79, 77591
What are the prime factors of 104637610?
2, 5, 7, 11, 135893
What are the prime factors of 178185405?
3, 5, 11879027
What are the prime factors of 2042556813?
3, 11, 59, 5927
What are the prime factors of 1344428860?
2, 5, 67221443
List the prim